{"id":19607,"date":"2022-06-23T09:41:24","date_gmt":"2022-06-23T07:41:24","guid":{"rendered":"https:\/\/ferrita.mlwebbyra.se\/runda-dubbla-o889mm-vinklade-ansl-id-o635mm-hoger-vanster\/"},"modified":"2023-03-28T01:09:27","modified_gmt":"2023-03-27T23:09:27","slug":"runda-dubbla-o889mm-vinklade-ansl-id-o635mm-hoger-vanster","status":"publish","type":"product","link":"https:\/\/ferrita.mlwebbyra.se\/en\/runda-dubbla-o889mm-vinklade-ansl-id-o635mm-hoger-vanster\/","title":{"rendered":"Left and right. Round 88,9mm. Id\u00d863,5mm. Angled"},"content":{"rendered":"<p><strong>\u00c4ndr\u00f6r Rostfritt med Kolfibersvep\u00a0\u00d8 88,9mm<\/strong><\/p>\n<p>Dubbla vinklade<\/p>\n<p>Par, h\u00f6ger och v\u00e4nster<\/p>\n<p>F\u00f6rskjutna f\u00f6r montering p\u00e5 h\u00f6ger- och v\u00e4nstersida<\/p>\n<p>\u00a0<\/p>\n<p><strong>Anslutningsr\u00f6r: <\/strong>Id \u00d8 63,5mm<\/p>\n<p><strong>L\u00e4ngd:<\/strong><\/p>\n<p>L\u00e5nga sidan: 102 (\u00e4ndr\u00f6r)+75mm (y-r\u00f6r)\u00a0= 177mm + anslutningr\u00f6r 40mm<\/p>\n<p>Korta sidan: 82mm (\u00e4ndr\u00f6r)+75mm (y-r\u00f6r) = 157mm + anslutningsr\u00f6r 40mm<\/p>\n<p><strong>Bredd:<\/strong> 190mm<\/p>\n<p><strong>H\u00f6jd:<\/strong> 88,9mm<\/p>\n<p>\u00a0<\/p>\n<p><strong>Klamma:<\/strong> Rostfri medf\u00f6ljer<\/p>\n<p>\u00a0<\/p>\n<p><strong>Anm\u00e4rkning:<\/strong><\/p>\n<p>(S\u00e4ljs endast i par)<\/p>\n","protected":false},"excerpt":{"rendered":"<p>Tailpipe double. Stainless\/Carbon<\/p>\n","protected":false},"featured_media":36936,"comment_status":"open","ping_status":"closed","template":"","meta":{"_kad_blocks_custom_css":"","_kad_blocks_head_custom_js":"","_kad_blocks_body_custom_js":"","_kad_blocks_footer_custom_js":"","_kad_post_transparent":"","_kad_post_title":"","_kad_post_layout":"","_kad_post_sidebar_id":"","_kad_post_content_style":"","_kad_post_vertical_padding":"","_kad_post_feature":"","_kad_post_feature_position":"","_kad_post_header":false,"_kad_post_footer":false,"_kad_post_classname":""},"product_brand":[],"product_cat":[2664],"product_tag":[],"class_list":{"0":"post-19607","1":"product","2":"type-product","3":"status-publish","4":"has-post-thumbnail","6":"product_cat-carbon-fiber","8":"first","9":"instock","10":"taxable","11":"shipping-taxable","12":"purchasable","13":"product-type-simple","14":"entry","15":"content-bg","16":"loop-entry"},"taxonomy_info":{"product_cat":[{"value":2664,"label":"Carbon fiber"}]},"featured_image_src_large":["https:\/\/ferrita.mlwebbyra.se\/wp-content\/uploads\/2023\/03\/TPC008HVP_1.jpg",750,375,false],"author_info":[],"comment_info":0,"_links":{"self":[{"href":"https:\/\/ferrita.mlwebbyra.se\/en\/wp-json\/wp\/v2\/product\/19607","targetHints":{"allow":["GET"]}}],"collection":[{"href":"https:\/\/ferrita.mlwebbyra.se\/en\/wp-json\/wp\/v2\/product"}],"about":[{"href":"https:\/\/ferrita.mlwebbyra.se\/en\/wp-json\/wp\/v2\/types\/product"}],"replies":[{"embeddable":true,"href":"https:\/\/ferrita.mlwebbyra.se\/en\/wp-json\/wp\/v2\/comments?post=19607"}],"wp:featuredmedia":[{"embeddable":true,"href":"https:\/\/ferrita.mlwebbyra.se\/en\/wp-json\/wp\/v2\/media\/36936"}],"wp:attachment":[{"href":"https:\/\/ferrita.mlwebbyra.se\/en\/wp-json\/wp\/v2\/media?parent=19607"}],"wp:term":[{"taxonomy":"product_brand","embeddable":true,"href":"https:\/\/ferrita.mlwebbyra.se\/en\/wp-json\/wp\/v2\/product_brand?post=19607"},{"taxonomy":"product_cat","embeddable":true,"href":"https:\/\/ferrita.mlwebbyra.se\/en\/wp-json\/wp\/v2\/product_cat?post=19607"},{"taxonomy":"product_tag","embeddable":true,"href":"https:\/\/ferrita.mlwebbyra.se\/en\/wp-json\/wp\/v2\/product_tag?post=19607"}],"curies":[{"name":"wp","href":"https:\/\/api.w.org\/{rel}","templated":true}]}}

Left and right. Round 88,9mm. IdØ63,5mm. Angled

<p><strong>Ändrör Rostfritt med Kolfibersvep Ø 88,9mm</strong></p>
<p>Dubbla vinklade</p>
<p>Par, höger och vänster</p>
<p>Förskjutna för montering på höger- och vänstersida</p>
<p> </p>
<p><strong>Anslutningsrör: </strong>Id Ø 63,5mm</p>
<p><strong>Längd:</strong></p>
<p>Långa sidan: 102 (ändrör)+75mm (y-rör) = 177mm + anslutningrör 40mm</p>
<p>Korta sidan: 82mm (ändrör)+75mm (y-rör) = 157mm + anslutningsrör 40mm</p>
<p><strong>Bredd:</strong> 190mm</p>
<p><strong>Höjd:</strong> 88,9mm</p>
<p> </p>
<p><strong>Klamma:</strong> Rostfri medföljer</p>
<p> </p>
<p><strong>Anmärkning:</strong></p>
<p>(Säljs endast i par)</p>
